{"id":807,"date":"2025-05-15T09:29:02","date_gmt":"2025-05-15T09:29:02","guid":{"rendered":"https:\/\/tlen-gaz.pl\/?page_id=807"},"modified":"2025-05-15T09:29:04","modified_gmt":"2025-05-15T09:29:04","slug":"napelnianie-butli-co2-zielonka","status":"publish","type":"page","link":"https:\/\/tlen-gaz.pl\/?page_id=807","title":{"rendered":"Nape\u0142nianie butli CO2 \u2013 Zielonka"},"content":{"rendered":"\n<p style=\"text-align: justify;\">Wyb\u00f3r firmy, kt\u00f3ra zajmie si\u0119 nape\u0142nianiem butli CO2, jest decyzj\u0105, kt\u00f3ra ma du\u017ce znaczenie zar\u00f3wno dla bezpiecze\u0144stwa, jak i efektywno\u015bci dzia\u0142ania przedsi\u0119biorstwa. Nasza firma oferuje <strong>nape\u0142nianie butli CO2<\/strong>, kt\u00f3re jest nie tylko zgodne z najwy\u017cszymi standardami jako\u015bci, ale tak\u017ce dostosowane do specyficznych potrzeb naszych klient\u00f3w. Dzi\u0119ki wieloletniemu do\u015bwiadczeniu w bran\u017cy, zaawansowanemu sprz\u0119towi oraz wykwalifikowanemu zespo\u0142owi, zapewniamy kompleksow\u0105 obs\u0142ug\u0119, kt\u00f3ra spe\u0142nia oczekiwania zar\u00f3wno ma\u0142ych, jak i du\u017cych firm.<\/p>\n<p style=\"text-align: justify;\">Proces nape\u0142niania butli CO2 jest niezwykle wymagaj\u0105cy, dlatego ka\u017cdy etap tej us\u0142ugi jest przeprowadzany zgodnie z obowi\u0105zuj\u0105cymi normami i przepisami. Butle CO2, kt\u00f3re trafiaj\u0105 do naszego zak\u0142adu, s\u0105 ka\u017cdorazowo dok\u0142adnie sprawdzane pod k\u0105tem ich stanu technicznego, co daje gwarancj\u0119, \u017ce proces nape\u0142niania jest bezpieczny i zgodny z wymaganiami.<\/p>\n<h2 style=\"text-align: left;\">Dbamy o terminowy czas realizacji<\/h2>\n<p style=\"text-align: justify;\">Doskonale rozumiemy, jak wa\u017cne jest, aby nasze us\u0142ugi by\u0142y wykonywane sprawnie i terminowo. W bran\u017cach, w kt\u00f3rych CO2 jest wykorzystywane do produkcji napoj\u00f3w gazowanych, piwa czy w gastronomii, liczy si\u0119 ka\u017cda minuta, dlatego zawsze staramy si\u0119 zapewni\u0107 szybki czas realizacji, co pozwala na zminimalizowanie przestoj\u00f3w i utrzymanie ci\u0105g\u0142o\u015bci pracy naszych klient\u00f3w. Bez wzgl\u0119du na wielko\u015b\u0107 zlecenia, jeste\u015bmy w stanie dostarczy\u0107 us\u0142ugi nape\u0142niania butli CO2 w mo\u017cliwie jak najkr\u00f3tszym czasie.<\/p>\n<p style=\"text-align: justify;\">Nasza firma wyr\u00f3\u017cnia si\u0119 r\u00f3wnie\u017c elastyczno\u015bci\u0105, co pozwala na dostosowanie oferty do r\u00f3\u017cnych potrzeb. Oferujemy <a href=\"https:\/\/tlen-gaz.pl\/nape\u0142nianie-butli-co2-koby\u0142ka\">nape\u0142nianie butli CO2<\/a> w r\u00f3\u017cnych pojemno\u015bciach, dzi\u0119ki czemu nasze us\u0142ugi mog\u0105 by\u0107 wykorzystywane przez szerokie spektrum firm \u2013 od ma\u0142ych lokali gastronomicznych po du\u017ce zak\u0142ady przemys\u0142owe.<\/p>\n<h2 style=\"text-align: left;\">Stawiamy na jako\u015b\u0107 obs\u0142ugi klienta<\/h2>\n<p style=\"text-align: justify;\">Ponadto, dbamy o jako\u015b\u0107 obs\u0142ugi klienta. Nasi specjali\u015bci s\u0105 zawsze dost\u0119pni, aby odpowiedzie\u0107 na pytania, udzieli\u0107 fachowych porad czy wyja\u015bni\u0107 wszelkie w\u0105tpliwo\u015bci zwi\u0105zane z us\u0142ug\u0105 nape\u0142niania butli CO2. Nasza firma k\u0142adzie ogromny nacisk na satysfakcj\u0119 klienta, dlatego staramy si\u0119, aby ka\u017cda wsp\u00f3\u0142praca przebiega\u0142a bezproblemowo i zgodnie z oczekiwaniami. D\u0105\u017cymy do d\u0142ugotrwa\u0142ych i owocnych relacji z naszymi klientami, co jest dla nas niezb\u0119dnym elementem rozwoju naszej dzia\u0142alno\u015bci.<\/p>\n","protected":false},"excerpt":{"rendered":"<p>Wyb\u00f3r firmy, kt\u00f3ra zajmie si\u0119 nape\u0142nianiem butli CO2, jest decyzj\u0105, kt\u00f3ra ma du\u017ce znaczenie zar\u00f3wno dla bezpiecze\u0144stwa, jak i efektywno\u015bci dzia\u0142ania przedsi\u0119biorstwa. Nasza firma oferuje nape\u0142nianie butli CO2, kt\u00f3re jest nie tylko zgodne z najwy\u017cszymi standardami jako\u015bci, ale tak\u017ce dostosowane do specyficznych potrzeb naszych klient\u00f3w. Dzi\u0119ki wieloletniemu do\u015bwiadczeniu w bran\u017cy, zaawansowanemu sprz\u0119towi oraz wykwalifikowanemu zespo\u0142owi,&#8230;<\/p>\n","protected":false},"author":1,"featured_media":0,"parent":0,"menu_order":0,"comment_status":"closed","ping_status":"closed","template":"","meta":{"_mi_skip_tracking":false,"_kad_post_transparent":"","_kad_post_title":"","_kad_post_layout":"","_kad_post_sidebar_id":"","_kad_post_content_style":"","_kad_post_vertical_padding":"","_kad_post_feature":"","_kad_post_feature_position":"","_kad_post_header":false,"_kad_post_footer":false},"aioseo_notices":[],"_links":{"self":[{"href":"https:\/\/tlen-gaz.pl\/index.php?rest_route=\/wp\/v2\/pages\/807"}],"collection":[{"href":"https:\/\/tlen-gaz.pl\/index.php?rest_route=\/wp\/v2\/pages"}],"about":[{"href":"https:\/\/tlen-gaz.pl\/index.php?rest_route=\/wp\/v2\/types\/page"}],"author":[{"embeddable":true,"href":"https:\/\/tlen-gaz.pl\/index.php?rest_route=\/wp\/v2\/users\/1"}],"replies":[{"embeddable":true,"href":"https:\/\/tlen-gaz.pl\/index.php?rest_route=%2Fwp%2Fv2%2Fcomments&post=807"}],"version-history":[{"count":2,"href":"https:\/\/tlen-gaz.pl\/index.php?rest_route=\/wp\/v2\/pages\/807\/revisions"}],"predecessor-version":[{"id":833,"href":"https:\/\/tlen-gaz.pl\/index.php?rest_route=\/wp\/v2\/pages\/807\/revisions\/833"}],"wp:attachment":[{"href":"https:\/\/tlen-gaz.pl\/index.php?rest_route=%2Fwp%2Fv2%2Fmedia&parent=807"}],"curies":[{"name":"wp","href":"https:\/\/api.w.org\/{rel}","templated":true}]}}