{"id":803,"date":"2025-05-15T09:27:20","date_gmt":"2025-05-15T09:27:20","guid":{"rendered":"https:\/\/tlen-gaz.pl\/?page_id=803"},"modified":"2025-05-15T09:27:23","modified_gmt":"2025-05-15T09:27:23","slug":"napelnianie-butli-co2-warszawa","status":"publish","type":"page","link":"https:\/\/tlen-gaz.pl\/?page_id=803","title":{"rendered":"Nape\u0142nianie butli CO2 \u2013 Warszawa"},"content":{"rendered":"\n<p style=\"text-align: justify;\">Nape\u0142nianie butli CO2 to kluczowa us\u0142uga dla wielu firm, kt\u00f3re na co dzie\u0144 korzystaj\u0105 z tego gazu w swoich procesach produkcyjnych, gastronomicznych lub innych zastosowaniach przemys\u0142owych. Wybieraj\u0105c nasz\u0105 firm\u0119, zyskuj\u0105 Pa\u0144stwo pewno\u015b\u0107, \u017ce ka\u017cde zlecenie zostanie zrealizowane z pe\u0142nym poszanowaniem norm bezpiecze\u0144stwa, w szybki i profesjonalny spos\u00f3b. Nasze do\u015bwiadczenie oraz zaawansowane zaplecze technologiczne sprawiaj\u0105, \u017ce oferowane przez nas nape\u0142nianie butli wyr\u00f3\u017cnia si\u0119 jako\u015bci\u0105, bezpiecze\u0144stwem oraz elastyczno\u015bci\u0105.<\/p>\n<p style=\"text-align: justify;\">Pierwszym atutem naszej oferty jest bezpieczne nape\u0142nianie butli CO2. Zdajemy sobie spraw\u0119 z tego, jak istotne jest przestrzeganie rygorystycznych norm bezpiecze\u0144stwa przy obs\u0142udze gazu CO2. Dlatego ka\u017cdy etap naszej pracy jest dok\u0142adnie kontrolowany, a wszystkie butle, kt\u00f3re trafiaj\u0105 do nas, s\u0105 sprawdzane pod k\u0105tem ich stanu technicznego. Nape\u0142nianie butli CO2 odbywa si\u0119 zgodnie z najlepszymi praktykami, co gwarantuje, \u017ce proces ten jest zar\u00f3wno bezpieczny, jak i skuteczny.<\/p>\n<h2 style=\"text-align: left;\">Nape\u0142nianie r\u00f3\u017cnych pojemno\u015bci butli<\/h2>\n<p style=\"text-align: justify;\">Kolejnym aspektem, kt\u00f3ry wyr\u00f3\u017cnia nasz\u0105 ofert\u0119, jest elastyczno\u015b\u0107. Oferujemy <a href=\"https:\/\/tlen-gaz.pl\/nape\u0142nianie-butli-co2-wolomin\">nape\u0142nianie butli CO2<\/a> o r\u00f3\u017cnych pojemno\u015bciach, co pozwala na dopasowanie us\u0142ugi do r\u00f3\u017cnych potrzeb klient\u00f3w. Niezale\u017cnie od tego, czy potrzebujecie Pa\u0144stwo nape\u0142ni\u0107 butle o ma\u0142ej pojemno\u015bci w gastronomii, czy wi\u0119ksze butle w zak\u0142adzie przemys\u0142owym, nasza firma jest w stanie dostarczy\u0107 odpowiednie rozwi\u0105zanie. Nasza elastyczno\u015b\u0107 pozwala tak\u017ce na realizacj\u0119 us\u0142ug w dogodnych dla Pa\u0144stwa terminach, w tym pilnych zlece\u0144, kt\u00f3re wymagaj\u0105 szybkiej reakcji.<\/p>\n<h2 style=\"text-align: left;\">Dbamy o terminow\u0105 realizacj\u0119 zlece\u0144<\/h2>\n<p style=\"text-align: justify;\">Czas realizacji jest dla nas r\u00f3wnie\u017c jednym z kluczowych czynnik\u00f3w. Rozumiemy, jak wa\u017cna jest ci\u0105g\u0142o\u015b\u0107 pracy w firmach, kt\u00f3re wykorzystuj\u0105 gaz CO2 w swoich procesach. Dlatego staramy si\u0119, aby nasze us\u0142ugi by\u0142y realizowane mo\u017cliwie jak najszybciej, nie obni\u017caj\u0105c przy tym standard\u00f3w jako\u015bci. Jeste\u015bmy w stanie szybko zrealizowa\u0107 zlecenia, co pozwala naszym klientom unikn\u0105\u0107 przestoj\u00f3w i problem\u00f3w zwi\u0105zanych z brakiem dost\u0119pu do gazu.<\/p>\n","protected":false},"excerpt":{"rendered":"<p>Nape\u0142nianie butli CO2 to kluczowa us\u0142uga dla wielu firm, kt\u00f3re na co dzie\u0144 korzystaj\u0105 z tego gazu w swoich procesach produkcyjnych, gastronomicznych lub innych zastosowaniach przemys\u0142owych. Wybieraj\u0105c nasz\u0105 firm\u0119, zyskuj\u0105 Pa\u0144stwo pewno\u015b\u0107, \u017ce ka\u017cde zlecenie zostanie zrealizowane z pe\u0142nym poszanowaniem norm bezpiecze\u0144stwa, w szybki i profesjonalny spos\u00f3b. Nasze do\u015bwiadczenie oraz zaawansowane zaplecze technologiczne sprawiaj\u0105, \u017ce&#8230;<\/p>\n","protected":false},"author":1,"featured_media":0,"parent":0,"menu_order":0,"comment_status":"closed","ping_status":"closed","template":"","meta":{"_mi_skip_tracking":false,"_kad_post_transparent":"","_kad_post_title":"","_kad_post_layout":"","_kad_post_sidebar_id":"","_kad_post_content_style":"","_kad_post_vertical_padding":"","_kad_post_feature":"","_kad_post_feature_position":"","_kad_post_header":false,"_kad_post_footer":false},"aioseo_notices":[],"_links":{"self":[{"href":"https:\/\/tlen-gaz.pl\/index.php?rest_route=\/wp\/v2\/pages\/803"}],"collection":[{"href":"https:\/\/tlen-gaz.pl\/index.php?rest_route=\/wp\/v2\/pages"}],"about":[{"href":"https:\/\/tlen-gaz.pl\/index.php?rest_route=\/wp\/v2\/types\/page"}],"author":[{"embeddable":true,"href":"https:\/\/tlen-gaz.pl\/index.php?rest_route=\/wp\/v2\/users\/1"}],"replies":[{"embeddable":true,"href":"https:\/\/tlen-gaz.pl\/index.php?rest_route=%2Fwp%2Fv2%2Fcomments&post=803"}],"version-history":[{"count":2,"href":"https:\/\/tlen-gaz.pl\/index.php?rest_route=\/wp\/v2\/pages\/803\/revisions"}],"predecessor-version":[{"id":831,"href":"https:\/\/tlen-gaz.pl\/index.php?rest_route=\/wp\/v2\/pages\/803\/revisions\/831"}],"wp:attachment":[{"href":"https:\/\/tlen-gaz.pl\/index.php?rest_route=%2Fwp%2Fv2%2Fmedia&parent=803"}],"curies":[{"name":"wp","href":"https:\/\/api.w.org\/{rel}","templated":true}]}}