{"id":787,"date":"2025-05-15T09:19:05","date_gmt":"2025-05-15T09:19:05","guid":{"rendered":"https:\/\/tlen-gaz.pl\/?page_id=787"},"modified":"2025-05-15T09:19:06","modified_gmt":"2025-05-15T09:19:06","slug":"gazy-techniczne-marki","status":"publish","type":"page","link":"https:\/\/tlen-gaz.pl\/?page_id=787","title":{"rendered":"Gazy techniczne \u2013 Marki"},"content":{"rendered":"\n<p style=\"text-align: justify;\">Zarz\u0105dzanie produkcj\u0105 to ci\u0105g\u0142e d\u0105\u017cenie do optymalizacji proces\u00f3w, podnoszenia efektywno\u015bci oraz zapewnienia bezpiecze\u0144stwa w ka\u017cdym etapie dzia\u0142alno\u015bci. Nasza firma oferuje szeroki asortyment gaz\u00f3w technicznych, kt\u00f3re stanowi\u0105 fundament wielu zaawansowanych proces\u00f3w przemys\u0142owych. Oferowane przez nas <strong>gazy techniczne <\/strong>wyr\u00f3\u017cnia jako\u015b\u0107, niezawodno\u015b\u0107 i bezpiecze\u0144stwa, co sprawia, \u017ce jeste\u015bmy partnerem, na kt\u00f3rym mo\u017cna polega\u0107. D\u0105\u017cymy do tego, aby nasza oferta by\u0142a nie tylko kompleksowa, ale i dostosowana do indywidualnych potrzeb ka\u017cdego klienta.<\/p>\n<h2 style=\"text-align: left;\"><strong>Gazy techniczne z certyfikatami<\/strong><\/h2>\n<p style=\"text-align: justify;\">Nasze <a href=\"https:\/\/tlen-gaz.pl\/gazy-techniczne-kobylka\">gazy techniczne<\/a> s\u0105 produkowane z najwy\u017csz\u0105 staranno\u015bci\u0105 i zgodnie z mi\u0119dzynarodowymi standardami jako\u015bci, co pozwala na ich wykorzystanie w szerokim zakresie zastosowa\u0144. Dbamy o to, aby nasze produkty by\u0142y w pe\u0142ni bezpieczne oraz spe\u0142nia\u0142y wszystkie normy i wymagania. Ponadto, stale monitorujemy rynek, aby dostarcza\u0107 najnowsze rozwi\u0105zania i produkty, kt\u00f3re odpowiadaj\u0105 na zmieniaj\u0105ce si\u0119 potrzeby przemys\u0142owe.<\/p>\n<p style=\"text-align: justify;\">W naszej ofercie znajduj\u0105 si\u0119 zar\u00f3wno gazy czyste, jak i specjalistyczne mieszanki gazowe, kt\u00f3re pozwalaj\u0105 na realizacj\u0119 najbardziej wymagaj\u0105cych proces\u00f3w. Dzi\u0119ki temu jeste\u015bmy w stanie zaoferowa\u0107 elastyczne rozwi\u0105zania, kt\u00f3re odpowiadaj\u0105 na specyficzne potrzeby naszych klient\u00f3w.<\/p>\n<h2 style=\"text-align: left;\">Kompleksowa obs\u0142uga na ka\u017cdym etapie<\/h2>\n<p style=\"text-align: justify;\">Naszym klientom zapewniamy nie tylko najwy\u017cszej jako\u015bci produkty, ale tak\u017ce kompleksow\u0105 obs\u0142ug\u0119 na ka\u017cdym etapie wsp\u00f3\u0142pracy. Jako firma, kt\u00f3ra dba o d\u0142ugotrwa\u0142e relacje z klientami, stawiamy na terminowo\u015b\u0107 dostaw, co pozwala unikn\u0105\u0107 przestoj\u00f3w w produkcji, a transport odbywa si\u0119 zgodnie z ustalonym harmonogramem, co pozwala na utrzymanie p\u0142ynno\u015bci dzia\u0142a\u0144 w Pa\u0144stwa firmach.<\/p>\n","protected":false},"excerpt":{"rendered":"<p>Zarz\u0105dzanie produkcj\u0105 to ci\u0105g\u0142e d\u0105\u017cenie do optymalizacji proces\u00f3w, podnoszenia efektywno\u015bci oraz zapewnienia bezpiecze\u0144stwa w ka\u017cdym etapie dzia\u0142alno\u015bci. Nasza firma oferuje szeroki asortyment gaz\u00f3w technicznych, kt\u00f3re stanowi\u0105 fundament wielu zaawansowanych proces\u00f3w przemys\u0142owych. Oferowane przez nas gazy techniczne wyr\u00f3\u017cnia jako\u015b\u0107, niezawodno\u015b\u0107 i bezpiecze\u0144stwa, co sprawia, \u017ce jeste\u015bmy partnerem, na kt\u00f3rym mo\u017cna polega\u0107. D\u0105\u017cymy do tego, aby nasza&#8230;<\/p>\n","protected":false},"author":1,"featured_media":0,"parent":0,"menu_order":0,"comment_status":"closed","ping_status":"closed","template":"","meta":{"_mi_skip_tracking":false,"_kad_post_transparent":"","_kad_post_title":"","_kad_post_layout":"","_kad_post_sidebar_id":"","_kad_post_content_style":"","_kad_post_vertical_padding":"","_kad_post_feature":"","_kad_post_feature_position":"","_kad_post_header":false,"_kad_post_footer":false},"aioseo_notices":[],"_links":{"self":[{"href":"https:\/\/tlen-gaz.pl\/index.php?rest_route=\/wp\/v2\/pages\/787"}],"collection":[{"href":"https:\/\/tlen-gaz.pl\/index.php?rest_route=\/wp\/v2\/pages"}],"about":[{"href":"https:\/\/tlen-gaz.pl\/index.php?rest_route=\/wp\/v2\/types\/page"}],"author":[{"embeddable":true,"href":"https:\/\/tlen-gaz.pl\/index.php?rest_route=\/wp\/v2\/users\/1"}],"replies":[{"embeddable":true,"href":"https:\/\/tlen-gaz.pl\/index.php?rest_route=%2Fwp%2Fv2%2Fcomments&post=787"}],"version-history":[{"count":2,"href":"https:\/\/tlen-gaz.pl\/index.php?rest_route=\/wp\/v2\/pages\/787\/revisions"}],"predecessor-version":[{"id":823,"href":"https:\/\/tlen-gaz.pl\/index.php?rest_route=\/wp\/v2\/pages\/787\/revisions\/823"}],"wp:attachment":[{"href":"https:\/\/tlen-gaz.pl\/index.php?rest_route=%2Fwp%2Fv2%2Fmedia&parent=787"}],"curies":[{"name":"wp","href":"https:\/\/api.w.org\/{rel}","templated":true}]}}